= -7 - -11. Calculate the greatest common divisor of a and n.
4
Suppose -65*u = -64*u - 224. What is the highest common factor of 7 and u?
7
Let t = 1 + 14. Let c(s) be the second derivative of -s**3/2 + 3*s**2/2 + s. Let q be c(-4). Calculate the greatest common divisor of q and t.
15
Let q = -165 + 247. Let a = -34 + q. Calculate the greatest common divisor of 32 and a.
16
Suppose -3*v = -4*v + 12. Let g(q) = q - 3. Let d be g(-6). Let m = -6 - d. What is the greatest common factor of m and v?
3
Let d(k) = -k + 22. Let r be d(14). What is the greatest common factor of 64 and r?
8
Let r = -6 + 16. What is the highest common factor of r and 10?
10
Let d be -7*19*(2 + -3). Let j = d + -93. What is the highest common divisor of j and 10?
10
Suppose -5*g + 2*w = -398, -150 - 175 = -4*g - 5*w. Let y = 1 + 15. Calculate the highest common divisor of g and y.
16
Let i = 14 + -10. Let n be i/3*(24 - 0). Suppose 3 = s - 1. What is the highest common factor of n and s?
4
Let i(u) = -u + 3. Let s be i(0). Suppose 4*f = 5*m - 310, 0*m - 2*f - 186 = -s*m. Let z = m - 17. What is the highest common factor of 18 and z?
9
Let p(u) = -7*u**3 + 2*u**2 + u + 2. Let t be p(-2). Calculate the highest common divisor of t and 32.
32
Let r be (50/8)/((-2)/16). Let g = r + 92. Calculate the highest common factor of 21 and g.
21
Let x = -39 + 67. Calculate the greatest common factor of 70 and x.
14
Suppose -4*k + k + 98 = 5*a, -3*k = -a + 16. Let w = 4 + -4. Let o be 0 + a + w + -1. Calculate the highest common divisor of 108 and o.
18
Let q(m) = -14*m**3 + m. Let z be q(-1). Calculate the greatest common factor of 1 and z.
1
Let h(s) = s**2 - s + 30. Let g be h(0). Suppose 254 = 2*m - 40. Let k = m - g. What is the greatest common divisor of 13 and k?
13
Suppose -4*f + 3*f = -o + 6, 2*o = 5*f + 27. Suppose -s - 1 - o = 0. Let m = s - -10. Calculate the greatest common factor of m and 8.
8
Let t(s) = s**2 - 5*s + 3. Let f = -18 - -23. Let g be t(f). What is the greatest common factor of 9 and g?
3
Let d be 22/4*(-144)/(-6). Suppose 2*v + 0*k + 4 = -2*k, 22 = 3*v - 4*k. Let p be (-26)/(-2) - (v - 1). Calculate the greatest common factor of d and p.
12
Let z = 4 - 3. Let w be -1 - -3 - z*-37. Let m = -19 + w. What is the greatest common factor of 20 and m?
20
Let m be 10/((-10)/(-4) - 2). Calculate the greatest common divisor of m and 20.
20
Suppose -5*a + 64 = 2*r, 72 = 5*r - r - 4*a. Calculate the highest common divisor of 4 and r.
2
Suppose -46 + 6 = -5*l. Calculate the greatest common factor of 32 and l.
8
Let q = 119 - 7. Calculate the greatest common factor of 16 and q.
16
Let t = 267 + -153. Let h(b) = -15*b + 5. Let p be h(-7). Let d = p + t. What is the highest common factor of d and 28?
28
Suppose 0 = 3*b - 0*b - 51. Suppose -b - 39 = -4*j. Suppose 308 = 3*a - a. What is the highest common factor of a and j?
14
Let i be 27 + 0 - 15/5. Let a = 36 - i. Let y be (-3)/12 - (-289)/4. Calculate the greatest common divisor of y and a.
12
Let w(b) = b**2 + 8*b - 7. Let n be w(-9). Suppose 3*m - 18 = 3*q, -m + 2*q = -n*q + 9. What is the greatest common divisor of m and 22?
11
Let q be (53/2)/(2/4). Let o = 170 - q. Calculate the highest common factor of o and 13.
13
Let f = 4 + 2. Let m(k) = k**2 + k + 18. Let g be -1 + -3*(-1)/3. Let w be m(g). What is the highest common factor of f and w?
6
Let b be 345/6 + (-1)/2. Calculate the greatest common factor of 19 and b.
19
Suppose -5*v + 443 = -47. What is the highest common divisor of 14 and v?
14
Suppose 2*p + 0*p = -2*d + 234, 4*p - 2*d - 438 = 0. Suppose 26 + 16 = 3*u. What is the greatest common divisor of p and u?
14
Let x = 1 + -1. Suppose -10 = -2*z - x. What is the highest common factor of 25 and z?
5
Let c(x) = 21*x**3 + x**2 - 2*x + 1. Let o be c(1). Let r(k) = -5*k - 1. Let d be r(-3). What is the highest common divisor of d and o?
7
Let o be (-3)/6 + 445/10. What is the greatest common factor of o and 4?
4
Suppose 0 = -z + 21 + 79. Let j = 62 + -42. What is the highest common divisor of z and j?
20
Let v(w) = -w**3 + 15*w**2 - 6*w + 5. Let f be v(14). Suppose -f = 4*u - 397. Calculate the greatest common divisor of 14 and u.
14
Suppose -324 = -7*g - 2*g. What is the highest common factor of 24 and g?
12
Let f(a) = a**3 + 10*a**2 - 2*a - 16. Let m be f(-10). Let p(z) = -z + 4. Let t be p(3). Calculate the highest common divisor of t and m.
1
Let j be -1*12/(1 - -1). Suppose 0*c = 5*c + 2*d - 3, -3*d - 1 = 2*c. Let l be (c + j)*(-7 + -2). What is the highest common divisor of l and 9?
9
Suppose -50 = -3*f - 2*o + o, 2*f - 20 = 2*o. Let i(d) = 2*d + 17. Let y be i(-6). Calculate the highest common factor of f and y.
5
Let p(m) = m**2 - 8*m - 17. Let h be p(-5). Calculate the highest common factor of h and 384.
48
Suppose 15*k - 12*k - 966 = 0. Calculate the highest common divisor of k and 46.
46
Let w be (-121*3)/(-3) - (2 + -6). What is the greatest common factor of w and 25?
25
Let u be (-3)/2*-14 + 1. Calculate the highest common divisor of 2 and u.
2
Let s = 60 - 42. What is the highest common factor of 90 and s?
18
Let s(j) = j**3 - 2*j**2 + 3*j + 8. Let r be s(6). Calculate the highest common factor of 34 and r.
34
Suppose 5*m = -u + 37, -4*u + 85 = u + 5*m. Let n = 19 - u. What is the highest common divisor of 28 and n?
7
Let b(m) = 5*m**2 - 1. Let k be b(-1). Suppose -k*o = -8 - 0. Suppose 5*i - o*f = 85, i - 13 = -4*f + 4. Calculate the highest common divisor of i and 119.
17
Let j(g) = 8*g - 4*g + 3*g - 5*g**3 + 4*g**3 - 1 + 4*g**2. Let x be j(5). Calculate the highest common factor of x and 9.
9
Let t = 220 - 79. Calculate the highest common divisor of 94 and t.
47
Let o(i) = -i**2 - 10*i - 4. Let m be o(-9). Suppose -2*l = -3*w + 2*l + 35, w + 2*l = -m. Calculate the greatest common divisor of w and 5.
5
Let x(y) = y**3 - y + 4. Let s be x(0). Let h be (-3)/12 + 353/s. Calculate the greatest common factor of h and 11.
11
Let r(y) be the second derivative of -y**4/12 + y**3/2 + y**2 - 3*y. Let j be r(2). Suppose -j*a - 11 + 51 = 0. What is the highest common factor of 90 and a?
10
Suppose 14 = 2*z - 2*u, 2*z - u - 15 = -z. What is the greatest common factor of 4 and z?
4
Let o(n) = 2*n - 2. Let f be o(3). Let k be (-2)/f - (-23)/2. Calculate the greatest common factor of k and 88.
11
Suppose -h - g = -8, -9 = -h - 4*g + 11. Let u be (-6)/h - (-186)/12. Let n = -8 + 22. What is the highest common factor of u and n?
14
Suppose 23 + 89 = c. Calculate the greatest common factor of 14 and c.
14
Suppose -8*l + 80 = -4*l. Calculate the greatest common divisor of 160 and l.
20
Let n(h) = 2*h**2 + 5*h - 2. Let w be n(-5). Suppose -4*s = -73 - w. What is the greatest common divisor of 36 and s?
12
Suppose 0 = -3*w + 42 + 414. Let t = 19 + -35. Let p = 35 + t. What is the highest common divisor of w and p?
19
Suppose 5*n = -25, 55 = -3*u + 5*u + n. Suppose -u = -5*x + 35. Calculate the highest common divisor of 91 and x.
13
Let a = -41 - 4. Let x = 133 + a. Calculate the greatest common factor of 22 and x.
22
Let b = 41 - 29. Let l = 13 + -11. Suppose -l*c + 59 = -o, -3*c + 5 = 2*o - 87. What is the highest common divisor of b and c?
6
Let n = -2 + 3. Suppose 3*l - q = 6, -5*l - 2*q + 10 = -0*q. Suppose -b = -l*b + 4. What is the greatest common divisor of b and n?
1
Let h = -13 + 15. What is the highest common factor of 1 and h?
1
Suppose -4*d = -f - 38, -2*d - 49 = -7*d + 2*f. Calculate the highest common divisor of d and 12.
3
Let k be (63/(-15))/(-1 - (-88)/90). Calculate the highest common factor of 21 and k.
21
Let w = 19 + -27. Let a be (w/(-2))/(-2 + 3). Let f = -240 + 244. Calculate the highest common divisor of f and a.
4
Let f be (3/(-9))/((-3)/207). Suppose n + f = -3*b + 6*b, 0 = -3*n + 12. Calculate the highest common factor of 9 and b.
9
Let z be (1 - -39)*(-3)/(-2). Suppose 2*n = -3 - 27. Let c = n - -30. What is the greatest common factor of c and z?
15
Let b be (8/10)/((-14)/(-175)). Calculate the highest common factor of 4 and b.
2
Let s(x) = 4*x**2 - x + 4. Let z be s(2). Calculate the greatest common divisor of 18 and z.
18
Let i = -5 + 16. Calculate the highest common divisor of i and 33.
11
Let m = 16 + 2. Suppose 3*y - m - 12 = 0. What is the greatest common divisor of 110 and y?
10
